{"id":3460,"date":"2023-04-24T11:07:10","date_gmt":"2023-04-24T09:07:10","guid":{"rendered":"https:\/\/www.bce.lu\/?post_type=references&#038;p=3460"},"modified":"2023-04-28T15:01:00","modified_gmt":"2023-04-28T13:01:00","slug":"chambre-des-deputes-du-grand-duche-de-luxembourg","status":"publish","type":"references","link":"https:\/\/www.bce.lu\/de\/references\/chambre-des-deputes-du-grand-duche-de-luxembourg\/","title":{"rendered":"Chambre des D\u00e9put\u00e9s du Grand-Duch\u00e9 de Luxembourg"},"content":{"rendered":"\n<h3 class=\"wp-block-heading\">About<\/h3>\n\n\n\n<p>The Chamber of Deputies (Luxembourgish: D\u2019Chamber) is the unicameral national legislature of Luxembourg.<\/p>\n\n\n\n<div style=\"height:30px\" aria-hidden=\"true\" class=\"wp-block-spacer\"><\/div>\n\n\n\n<h3 class=\"wp-block-heading\">With BCE<\/h3>\n\n\n\n<p><strong>Linear broadcast:<\/strong><\/p>\n\n\n\n<ul class=\"wp-block-list\">\n<li>Broadcasting with BCE\u2019s multiplayout infrastructure.<\/li>\n<\/ul>\n\n\n\n<p><strong>Production:<\/strong><\/p>\n\n\n\n<ul class=\"wp-block-list\">\n<li>Production of a weekly programme in BCE studio.<\/li>\n<\/ul>\n","protected":false},"featured_media":4324,"parent":0,"template":"","cat_references":[87],"class_list":["post-3460","references","type-references","status-publish","has-post-thumbnail","hentry","cat_references-business"],"acf":[],"uagb_featured_image_src":{"full":["https:\/\/www.bce.lu\/wp-content\/uploads\/2023\/04\/chambre-des-deputes-logo.png",500,500,false],"thumbnail":["https:\/\/www.bce.lu\/wp-content\/uploads\/2023\/04\/chambre-des-deputes-logo-150x150.png",150,150,true],"medium":["https:\/\/www.bce.lu\/wp-content\/uploads\/2023\/04\/chambre-des-deputes-logo-300x300.png",300,300,true],"medium_large":["https:\/\/www.bce.lu\/wp-content\/uploads\/2023\/04\/chambre-des-deputes-logo.png",500,500,false],"large":["https:\/\/www.bce.lu\/wp-content\/uploads\/2023\/04\/chambre-des-deputes-logo.png",500,500,false],"1536x1536":["https:\/\/www.bce.lu\/wp-content\/uploads\/2023\/04\/chambre-des-deputes-logo.png",500,500,false],"2048x2048":["https:\/\/www.bce.lu\/wp-content\/uploads\/2023\/04\/chambre-des-deputes-logo.png",500,500,false]},"uagb_author_info":{"display_name":"charline","author_link":"https:\/\/www.bce.lu\/de\/author\/"},"uagb_comment_info":0,"uagb_excerpt":"About The Chamber of Deputies (Luxembourgish: D\u2019Chamber) is the [&hellip;]","_links":{"self":[{"href":"https:\/\/www.bce.lu\/de\/wp-json\/wp\/v2\/references\/3460","targetHints":{"allow":["GET"]}}],"collection":[{"href":"https:\/\/www.bce.lu\/de\/wp-json\/wp\/v2\/references"}],"about":[{"href":"https:\/\/www.bce.lu\/de\/wp-json\/wp\/v2\/types\/references"}],"wp:featuredmedia":[{"embeddable":true,"href":"https:\/\/www.bce.lu\/de\/wp-json\/wp\/v2\/media\/4324"}],"wp:attachment":[{"href":"https:\/\/www.bce.lu\/de\/wp-json\/wp\/v2\/media?parent=3460"}],"wp:term":[{"taxonomy":"cat_references","embeddable":true,"href":"https:\/\/www.bce.lu\/de\/wp-json\/wp\/v2\/cat_references?post=3460"}],"curies":[{"name":"wp","href":"https:\/\/api.w.org\/{rel}","templated":true}]}}

Chambre des Députés du Grand-Duché de Luxembourg
