{"id":13799,"date":"2025-10-23T16:51:56","date_gmt":"2025-10-23T14:51:56","guid":{"rendered":"https:\/\/www.bce.lu\/event\/satis-2025-pierre-dereuxs-conference-on-pooling-of-resources-and-cooperation-between-local-channels\/"},"modified":"2025-10-27T10:41:14","modified_gmt":"2025-10-27T09:41:14","slug":"satis-2025-konferenz-von-pierre-dereux","status":"publish","type":"tribe_events","link":"https:\/\/www.bce.lu\/de\/event\/satis-2025-konferenz-von-pierre-dereux\/","title":{"rendered":"SATIS 2025 \u2013 Konferenz von Pierre Dereux zum Thema \u201eB\u00fcndelung von Ressourcen und Zusammenarbeit zwischen lokalen Kan\u00e4len.&#8220;"},"content":{"rendered":"<p><span class=\"TextRun SCXW48837410 BCX8\" lang=\"EN-US\" xml:lang=\"EN-US\" data-contrast=\"auto\"><span class=\"NormalTextRun SpellingErrorV2Themed SCXW48837410 BCX8\">Begleiten<\/span> <\/span><span class=\"TextRun SCXW48837410 BCX8\" lang=\"EN-US\" xml:lang=\"EN-US\" data-contrast=\"auto\"><span class=\"NormalTextRun SCXW48837410 BCX8\">Sie <strong>Pierre <\/strong><\/span><strong><span class=\"NormalTextRun SpellingErrorV2Themed SCXW48837410 BCX8\">Dereux<\/span><\/strong><\/span><span class=\"TextRun SCXW48837410 BCX8\" lang=\"EN-US\" xml:lang=\"EN-US\" data-contrast=\"auto\"><span class=\"NormalTextRun SCXW48837410 BCX8\">, Product Marketing Lead <\/span><span class=\"NormalTextRun SpellingErrorV2Themed SCXW48837410 BCX8\">bei<\/span><\/span><strong><span class=\"TextRun SCXW48837410 BCX8\" lang=\"EN-US\" xml:lang=\"EN-US\" data-contrast=\"auto\"><span class=\"NormalTextRun SCXW48837410 BCX8\"> BCE \u2013 Broadcasting Centre Europe<\/span><\/span><\/strong><span class=\"TextRun SCXW48837410 BCX8\" lang=\"EN-US\" xml:lang=\"EN-US\" data-contrast=\"auto\"><span class=\"NormalTextRun SCXW48837410 BCX8\">, an der <\/span><span class=\"NormalTextRun SpellingErrorV2Themed SCXW48837410 BCX8\">Konferenz<\/span><span class=\"NormalTextRun SCXW48837410 BCX8\"> &#8222;Resource sharing and cooperation between local channels&#8220; am 5. <\/span><\/span><span class=\"TextRun SCXW48837410 BCX8\" lang=\"DE-DE\" xml:lang=\"DE-DE\" data-contrast=\"auto\"><span class=\"NormalTextRun SCXW48837410 BCX8\">November 2025 von 12:00 bis 13:00 Uhr auf <\/span><span class=\"NormalTextRun ContextualSpellingAndGrammarErrorV2Themed SCXW48837410 BCX8\">der Messe<\/span> <\/span><strong><span class=\"TextRun SCXW48837410 BCX8\" lang=\"DE-DE\" xml:lang=\"DE-DE\" data-contrast=\"auto\"><span class=\"NormalTextRun SCXW48837410 BCX8\">SATIS<\/span><\/span><\/strong><span class=\"TextRun SCXW48837410 BCX8\" lang=\"DE-DE\" xml:lang=\"DE-DE\" data-contrast=\"auto\"><span class=\"NormalTextRun SCXW48837410 BCX8\"> im Saal <\/span><span class=\"NormalTextRun SCXW48837410 BCX8\">\u201e<\/span><span class=\"NormalTextRun SCXW48837410 BCX8\">Thema 5<\/span><span class=\"NormalTextRun SCXW48837410 BCX8\">\u201c<\/span><span class=\"NormalTextRun SCXW48837410 BCX8\">.<\/span><\/span><span class=\"EOP SCXW48837410 BCX8\" data-ccp-props=\"{}\">\u00a0<\/span><\/p>\n<p><span class=\"TextRun SCXW218311633 BCX8\" lang=\"DE-DE\" xml:lang=\"DE-DE\" data-contrast=\"auto\"><span class=\"NormalTextRun SCXW218311633 BCX8\">Sie erfahren, wie die B\u00fcndelung technischer und redaktioneller Ressourcen den Weg f\u00fcr neue Formen der Zusammenarbeit zwischen lokalen Kan\u00e4len ebnen kann, die <\/span><span class=\"NormalTextRun SCXW218311633 BCX8\">dadurch <\/span><span class=\"NormalTextRun SCXW218311633 BCX8\">effizienter, unterst\u00fctzender und innovativer sind.<\/span><\/span><span class=\"EOP SCXW218311633 BCX8\" data-ccp-props=\"{}\">\u00a0<\/span><\/p>\n<p>&nbsp;<\/p>\n<p>\ud83d\udccd <span class=\"TextRun SCXW255032071 BCX8\" lang=\"DE-DE\" xml:lang=\"DE-DE\" data-contrast=\"auto\"><span class=\"NormalTextRun SCXW255032071 BCX8\">Sie finden die BCE auch am 5. und 6. November am Stand B25!<\/span><\/span><br \/>\n\ud83d\udd17 <span class=\"TextRun SCXW255032071 BCX8\" lang=\"DE-DE\" xml:lang=\"DE-DE\" data-contrast=\"auto\"><span class=\"NormalTextRun SCXW255032071 BCX8\">Buchen Sie <strong><a href=\"https:\/\/www.bce.lu\/de\/event\/satis-2025-treffen-sie-bce-am-stand-b25-paris\/\">hier<\/a><\/strong> Ihren Termin<\/span><\/span><\/p>\n<p>&nbsp;<\/p>\n","protected":false},"excerpt":{"rendered":"<p>Room THEMA 5! Integration l Production l Managed Services l Media-as-a-Service &#8211; Holovox &#8211; Freecaster &#8211; Playit &#8211; NxP. <\/p>\n","protected":false},"author":3,"featured_media":13801,"comment_status":"closed","ping_status":"closed","template":"","meta":{"_acf_changed":false,"content-type":"","inline_featured_image":false,"_uag_custom_page_level_css":"","_price":"","_stock":"","_tribe_ticket_header":"","_tribe_default_ticket_provider":"","_ticket_start_date":"","_ticket_end_date":"","_tribe_ticket_show_description":"","_tribe_ticket_show_not_going":false,"_tribe_ticket_use_global_stock":"","_tribe_ticket_global_stock_level":"","_global_stock_mode":"","_global_stock_cap":"","_tribe_rsvp_for_event":"","_tribe_ticket_going_count":"","_tribe_ticket_not_going_count":"","_tribe_tickets_list":"[]","_tribe_ticket_has_attendee_info_fields":false,"_tribe_events_status":"","_tribe_events_status_reason":"","_tribe_events_is_hybrid":"","_tribe_events_is_virtual":"","_tribe_events_virtual_video_source":"","_tribe_events_virtual_embed_video":"","_tribe_events_virtual_linked_button_text":"","_tribe_events_virtual_linked_button":"","_tribe_events_virtual_show_embed_at":"","_tribe_events_virtual_show_embed_to":[],"_tribe_events_virtual_show_on_event":"","_tribe_events_virtual_show_on_views":"","_tribe_events_virtual_url":"","footnotes":"","_tec_slr_enabled":"","_tec_slr_layout":""},"tags":[],"tribe_events_cat":[972],"class_list":["post-13799","tribe_events","type-tribe_events","status-publish","has-post-thumbnail","hentry","tribe_events_cat-conference-de","cat_conference-de"],"acf":[],"uagb_featured_image_src":{"full":["https:\/\/www.bce.lu\/wp-content\/uploads\/2025\/10\/Pierre-Dereux-SATIS-conference-participation-2.png",1920,1080,false],"thumbnail":["https:\/\/www.bce.lu\/wp-content\/uploads\/2025\/10\/Pierre-Dereux-SATIS-conference-participation-2-150x150.png",150,150,true],"medium":["https:\/\/www.bce.lu\/wp-content\/uploads\/2025\/10\/Pierre-Dereux-SATIS-conference-participation-2-300x169.png",300,169,true],"medium_large":["https:\/\/www.bce.lu\/wp-content\/uploads\/2025\/10\/Pierre-Dereux-SATIS-conference-participation-2-768x432.png",768,432,true],"large":["https:\/\/www.bce.lu\/wp-content\/uploads\/2025\/10\/Pierre-Dereux-SATIS-conference-participation-2-1024x576.png",1024,576,true],"1536x1536":["https:\/\/www.bce.lu\/wp-content\/uploads\/2025\/10\/Pierre-Dereux-SATIS-conference-participation-2-1536x864.png",1536,864,true],"2048x2048":["https:\/\/www.bce.lu\/wp-content\/uploads\/2025\/10\/Pierre-Dereux-SATIS-conference-participation-2.png",1920,1080,false]},"uagb_author_info":{"display_name":"charline","author_link":"https:\/\/www.bce.lu\/de\/author\/charline\/"},"uagb_comment_info":0,"uagb_excerpt":"Room THEMA 5! Integration l Production l Managed Services l Media-as-a-Service - Holovox - Freecaster - Playit - NxP.","ticketed":false,"_links":{"self":[{"href":"https:\/\/www.bce.lu\/de\/wp-json\/wp\/v2\/tribe_events\/13799","targetHints":{"allow":["GET"]}}],"collection":[{"href":"https:\/\/www.bce.lu\/de\/wp-json\/wp\/v2\/tribe_events"}],"about":[{"href":"https:\/\/www.bce.lu\/de\/wp-json\/wp\/v2\/types\/tribe_events"}],"author":[{"embeddable":true,"href":"https:\/\/www.bce.lu\/de\/wp-json\/wp\/v2\/users\/3"}],"replies":[{"embeddable":true,"href":"https:\/\/www.bce.lu\/de\/wp-json\/wp\/v2\/comments?post=13799"}],"version-history":[{"count":3,"href":"https:\/\/www.bce.lu\/de\/wp-json\/wp\/v2\/tribe_events\/13799\/revisions"}],"predecessor-version":[{"id":13805,"href":"https:\/\/www.bce.lu\/de\/wp-json\/wp\/v2\/tribe_events\/13799\/revisions\/13805"}],"wp:featuredmedia":[{"embeddable":true,"href":"https:\/\/www.bce.lu\/de\/wp-json\/wp\/v2\/media\/13801"}],"wp:attachment":[{"href":"https:\/\/www.bce.lu\/de\/wp-json\/wp\/v2\/media?parent=13799"}],"wp:term":[{"taxonomy":"post_tag","embeddable":true,"href":"https:\/\/www.bce.lu\/de\/wp-json\/wp\/v2\/tags?post=13799"},{"taxonomy":"tribe_events_cat","embeddable":true,"href":"https:\/\/www.bce.lu\/de\/wp-json\/wp\/v2\/tribe_events_cat?post=13799"}],"curies":[{"name":"wp","href":"https:\/\/api.w.org\/{rel}","templated":true}]}}

SATIS 2025 – Konferenz von Pierre Dereux zum Thema „Bündelung von Ressourcen und Zusammenarbeit zwischen lokalen Kanälen.&#8220;

<p><span class="TextRun SCXW48837410 BCX8" lang="EN-US" xml:lang="EN-US" data-contrast="auto"><span class="NormalTextRun SpellingErrorV2Themed SCXW48837410 BCX8">Begleiten</span> </span><span class="TextRun SCXW48837410 BCX8" lang="EN-US" xml:lang="EN-US" data-contrast="auto"><span class="NormalTextRun SCXW48837410 BCX8">Sie <strong>Pierre </strong></span><strong><span class="NormalTextRun SpellingErrorV2Themed SCXW48837410 BCX8">Dereux</span></strong></span><span class="TextRun SCXW48837410 BCX8" lang="EN-US" xml:lang="EN-US" data-contrast="auto"><span class="NormalTextRun SCXW48837410 BCX8">, Product Marketing Lead </span><span class="NormalTextRun SpellingErrorV2Themed SCXW48837410 BCX8">bei</span></span><strong><span class="TextRun SCXW48837410 BCX8" lang="EN-US" xml:lang="EN-US" data-contrast="auto"><span class="NormalTextRun SCXW48837410 BCX8"> BCE – Broadcasting Centre Europe</span></span></strong><span class="TextRun SCXW48837410 BCX8" lang="EN-US" xml:lang="EN-US" data-contrast="auto"><span class="NormalTextRun SCXW48837410 BCX8">, an der </span><span class="NormalTextRun SpellingErrorV2Themed SCXW48837410 BCX8">Konferenz</span><span class="NormalTextRun SCXW48837410 BCX8"> &#8222;Resource sharing and cooperation between local channels&#8220; am 5. </span></span><span class="TextRun SCXW48837410 BCX8" lang="DE-DE" xml:lang="DE-DE" data-contrast="auto"><span class="NormalTextRun SCXW48837410 BCX8">November 2025 von 12:00 bis 13:00 Uhr auf </span><span class="NormalTextRun ContextualSpellingAndGrammarErrorV2Themed SCXW48837410 BCX8">der Messe</span> </span><strong><span class="TextRun SCXW48837410 BCX8" lang="DE-DE" xml:lang="DE-DE" data-contrast="auto"><span class="NormalTextRun SCXW48837410 BCX8">SATIS</span></span></strong><span class="TextRun SCXW48837410 BCX8" lang="DE-DE" xml:lang="DE-DE" data-contrast="auto"><span class="NormalTextRun SCXW48837410 BCX8"> im Saal </span><span class="NormalTextRun SCXW48837410 BCX8">„</span><span class="NormalTextRun SCXW48837410 BCX8">Thema 5</span><span class="NormalTextRun SCXW48837410 BCX8">“</span><span class="NormalTextRun SCXW48837410 BCX8">.</span></span><span class="EOP SCXW48837410 BCX8" data-ccp-props="{}"> </span></p>
<p><span class="TextRun SCXW218311633 BCX8" lang="DE-DE" xml:lang="DE-DE" data-contrast="auto"><span class="NormalTextRun SCXW218311633 BCX8">Sie erfahren, wie die Bündelung technischer und redaktioneller Ressourcen den Weg für neue Formen der Zusammenarbeit zwischen lokalen Kanälen ebnen kann, die </span><span class="NormalTextRun SCXW218311633 BCX8">dadurch </span><span class="NormalTextRun SCXW218311633 BCX8">effizienter, unterstützender und innovativer sind.</span></span><span class="EOP SCXW218311633 BCX8" data-ccp-props="{}"> </span></p>
<p>&nbsp;</p>
<p>📍 <span class="TextRun SCXW255032071 BCX8" lang="DE-DE" xml:lang="DE-DE" data-contrast="auto"><span class="NormalTextRun SCXW255032071 BCX8">Sie finden die BCE auch am 5. und 6. November am Stand B25!</span></span><br />
🔗 <span class="TextRun SCXW255032071 BCX8" lang="DE-DE" xml:lang="DE-DE" data-contrast="auto"><span class="NormalTextRun SCXW255032071 BCX8">Buchen Sie <strong><a href="https://www.bce.lu/de/event/satis-2025-treffen-sie-bce-am-stand-b25-paris/">hier</a></strong> Ihren Termin</span></span></p>
<p>&nbsp;</p>
