{"id":6711,"date":"2023-04-26T10:08:29","date_gmt":"2023-04-26T08:08:29","guid":{"rendered":"https:\/\/www.bce.lu\/references\/france-televisions\/"},"modified":"2023-05-24T15:30:33","modified_gmt":"2023-05-24T13:30:33","slug":"france-televisions","status":"publish","type":"references","link":"https:\/\/www.bce.lu\/fr\/references\/france-televisions\/","title":{"rendered":"France T\u00e9l\u00e9visions"},"content":{"rendered":"\n<h3 class=\"wp-block-heading\">\u00c0 propos<\/h3>\n\n\n\n<p>Le groupe France T\u00e9l\u00e9visions a \u00e9t\u00e9 cr\u00e9\u00e9 en 2000 avec ses cha\u00eenes nationales et r\u00e9gionales (France 2, France 3 et ses 24 antennes r\u00e9gionales, France 4, France 5 et France info), ainsi que ses plateformes num\u00e9riques (france.tv, francetv.sport, francetv.Slash, Okoo, Lumni et Outre-mer La 1\u00e8re). France T\u00e9l\u00e9visions propose \u00e0 son public une programmation riche et ambitieuse visant \u00e0 informer, \u00e9duquer et animer le d\u00e9bat d\u00e9mocratique, aux niveaux national, local et international.<\/p>\n\n\n\n<p>En rassemblant tous les publics et en s&rsquo;engageant envers le service public, France T\u00e9l\u00e9visions agit au service de la soci\u00e9t\u00e9 en tant que cr\u00e9ateur de croissance, instigateur d&rsquo;innovation et promoteur de pratiques \u00e9co-responsables.<\/p>\n\n\n\n<div style=\"height:30px\" aria-hidden=\"true\" class=\"wp-block-spacer\"><\/div>\n\n\n\n<h3 class=\"wp-block-heading\">Avec BCE<\/h3>\n\n\n\n<p><strong>Integration :<\/strong><\/p>\n\n\n\n<ul class=\"wp-block-list\">\n<li>Int\u00e9gration des v\u00e9hicules de diffusion en direct (OB vans).<\/li>\n\n\n\n<li>\u00c9tudes de syst\u00e8mes, int\u00e9gration, gestion compl\u00e8te de projet et formation des \u00e9quipes de France T\u00e9l\u00e9visions aux nouveaux outils de production.<\/li>\n<\/ul>\n","protected":false},"featured_media":4000,"parent":0,"template":"","cat_references":[91],"class_list":["post-6711","references","type-references","status-publish","has-post-thumbnail","hentry","cat_references-media-fr"],"acf":[],"uagb_featured_image_src":{"full":["https:\/\/www.bce.lu\/wp-content\/uploads\/2023\/04\/France-Televisions-logo.png",500,500,false],"thumbnail":["https:\/\/www.bce.lu\/wp-content\/uploads\/2023\/04\/France-Televisions-logo-150x150.png",150,150,true],"medium":["https:\/\/www.bce.lu\/wp-content\/uploads\/2023\/04\/France-Televisions-logo-300x300.png",300,300,true],"medium_large":["https:\/\/www.bce.lu\/wp-content\/uploads\/2023\/04\/France-Televisions-logo.png",500,500,false],"large":["https:\/\/www.bce.lu\/wp-content\/uploads\/2023\/04\/France-Televisions-logo.png",500,500,false],"1536x1536":["https:\/\/www.bce.lu\/wp-content\/uploads\/2023\/04\/France-Televisions-logo.png",500,500,false],"2048x2048":["https:\/\/www.bce.lu\/wp-content\/uploads\/2023\/04\/France-Televisions-logo.png",500,500,false]},"uagb_author_info":{"display_name":"charline","author_link":"https:\/\/www.bce.lu\/fr\/author\/"},"uagb_comment_info":0,"uagb_excerpt":"\u00c0 propos Le groupe France T\u00e9l\u00e9visions a \u00e9t\u00e9 cr\u00e9\u00e9 [&hellip;]","_links":{"self":[{"href":"https:\/\/www.bce.lu\/fr\/wp-json\/wp\/v2\/references\/6711","targetHints":{"allow":["GET"]}}],"collection":[{"href":"https:\/\/www.bce.lu\/fr\/wp-json\/wp\/v2\/references"}],"about":[{"href":"https:\/\/www.bce.lu\/fr\/wp-json\/wp\/v2\/types\/references"}],"wp:featuredmedia":[{"embeddable":true,"href":"https:\/\/www.bce.lu\/fr\/wp-json\/wp\/v2\/media\/4000"}],"wp:attachment":[{"href":"https:\/\/www.bce.lu\/fr\/wp-json\/wp\/v2\/media?parent=6711"}],"wp:term":[{"taxonomy":"cat_references","embeddable":true,"href":"https:\/\/www.bce.lu\/fr\/wp-json\/wp\/v2\/cat_references?post=6711"}],"curies":[{"name":"wp","href":"https:\/\/api.w.org\/{rel}","templated":true}]}}

France Télévisions

<h3 class="wp-block-heading">À propos</h3>



<p>Le groupe France Télévisions a été créé en 2000 avec ses chaînes nationales et régionales (France 2, France 3 et ses 24 antennes régionales, France 4, France 5 et France info), ainsi que ses plateformes numériques (france.tv, francetv.sport, francetv.Slash, Okoo, Lumni et Outre-mer La 1ère). France Télévisions propose à son public une programmation riche et ambitieuse visant à informer, éduquer et animer le débat démocratique, aux niveaux national, local et international.</p>



<p>En rassemblant tous les publics et en s&rsquo;engageant envers le service public, France Télévisions agit au service de la société en tant que créateur de croissance, instigateur d&rsquo;innovation et promoteur de pratiques éco-responsables.</p>



<div style="height:30px" aria-hidden="true" class="wp-block-spacer"></div>



<h3 class="wp-block-heading">Avec BCE</h3>



<p><strong>Integration :</strong></p>



<ul class="wp-block-list">
<li>Intégration des véhicules de diffusion en direct (OB vans).</li>



<li>Études de systèmes, intégration, gestion complète de projet et formation des équipes de France Télévisions aux nouveaux outils de production.</li>
</ul>

À propos Le groupe France Télévisions a été créé [&hellip;]
