{"id":6714,"date":"2023-04-26T09:56:26","date_gmt":"2023-04-26T07:56:26","guid":{"rendered":"https:\/\/www.bce.lu\/references\/satis-tv\/"},"modified":"2023-05-24T15:31:30","modified_gmt":"2023-05-24T13:31:30","slug":"satis-tv","status":"publish","type":"references","link":"https:\/\/www.bce.lu\/fr\/references\/satis-tv\/","title":{"rendered":"Satis TV"},"content":{"rendered":"\n<h3 class=\"wp-block-heading\">\u00c0 propos<\/h3>\n\n\n\n<p>Fond\u00e9e en 2014, G\u00e9n\u00e9ration Num\u00e9rique est une agence 360 qui propose des informations aux professionnels de l&rsquo;industrie du cin\u00e9ma, de la t\u00e9l\u00e9vision et des nouveaux m\u00e9dias. La soci\u00e9t\u00e9 \u00e9dite trois magazines : Mediakwest, Moovee et Sonovision.<\/p>\n\n\n\n<p>Elle organise \u00e9galement le 360 Film Festival, un festival international d\u00e9di\u00e9 \u00e0 la cr\u00e9ation de contenus immersifs (VR\/AR\/Grands Formats). G\u00e9n\u00e9ration Num\u00e9rique est n\u00e9e de la passion de ses fondateurs pour la cr\u00e9ation et l&rsquo;innovation, ainsi que du d\u00e9sir de partager avec le plus grand nombre les avanc\u00e9es d&rsquo;un \u00e9cosyst\u00e8me audiovisuel en constante \u00e9volution.<\/p>\n\n\n\n<p>Le SATIS, le principal \u00e9v\u00e9nement fran\u00e7ais d\u00e9di\u00e9 aux technologies audiovisuelles, devient SATIS TV pour son \u00e9dition 2020 et propose ainsi la premi\u00e8re cha\u00eene \u00e9v\u00e9nementielle francophone d\u00e9di\u00e9e au secteur.<\/p>\n\n\n\n<p>SATIS TV offre un \u00e9v\u00e9nement \u00e9ditorialis\u00e9 d\u00e9di\u00e9 \u00e0 la cha\u00eene de valeur audiovisuelle (diffusion, cin\u00e9ma et entreprise) avec plus d&rsquo;une trentaine de plateaux d&rsquo;experts. Ce salon en ligne est organis\u00e9 par G\u00e9n\u00e9ration Num\u00e9rique.<\/p>\n\n\n\n<p>SATIS TV est organis\u00e9 avec le soutien de la Seine-Saint-Denis, Plaine Commune, du CNC et du P\u00f4le Media Grand Paris.<\/p>\n\n\n\n<div style=\"height:30px\" aria-hidden=\"true\" class=\"wp-block-spacer\"><\/div>\n\n\n\n<h3 class=\"wp-block-heading\">Avec BCE<\/h3>\n\n\n\n<p><strong>Production :<\/strong><\/p>\n\n\n\n<ul class=\"wp-block-list\">\n<li>Production avec des moyens en 4K.<\/li>\n\n\n\n<li>Deux \u00e9quipes techniques et artistiques compos\u00e9es de r\u00e9alisateurs, techniciens, ing\u00e9nieurs et cameramen.<\/li>\n\n\n\n<li>Cinq jours de diffusion en direct.<\/li>\n<\/ul>\n\n\n\n<p><strong>Streaming :<\/strong><\/p>\n\n\n\n<ul class=\"wp-block-list\">\n<li>Int\u00e9gration du r\u00e9seau de diffusion de contenu (Content Delivery Network).<\/li>\n\n\n\n<li>Diffusion en haute d\u00e9finition et disponibilit\u00e9 multiformat.<\/li>\n\n\n\n<li>Int\u00e9gration OTT : direct, vid\u00e9o \u00e0 la demande (VOD),replay et r\u00e9seaux sociaux.<\/li>\n\n\n\n<li>Connexion avec les intervenants \u00e0 distance, int\u00e9gration de sous-titres, multiples canaux audio et g\u00e9olocalisation.<\/li>\n\n\n\n<li>S\u00e9lection des angles de vue.<\/li>\n<\/ul>\n","protected":false},"featured_media":3993,"parent":0,"template":"","cat_references":[91],"class_list":["post-6714","references","type-references","status-publish","has-post-thumbnail","hentry","cat_references-media-fr"],"acf":[],"uagb_featured_image_src":{"full":["https:\/\/www.bce.lu\/wp-content\/uploads\/2023\/04\/Satis-TV-logo.png",500,500,false],"thumbnail":["https:\/\/www.bce.lu\/wp-content\/uploads\/2023\/04\/Satis-TV-logo-150x150.png",150,150,true],"medium":["https:\/\/www.bce.lu\/wp-content\/uploads\/2023\/04\/Satis-TV-logo-300x300.png",300,300,true],"medium_large":["https:\/\/www.bce.lu\/wp-content\/uploads\/2023\/04\/Satis-TV-logo.png",500,500,false],"large":["https:\/\/www.bce.lu\/wp-content\/uploads\/2023\/04\/Satis-TV-logo.png",500,500,false],"1536x1536":["https:\/\/www.bce.lu\/wp-content\/uploads\/2023\/04\/Satis-TV-logo.png",500,500,false],"2048x2048":["https:\/\/www.bce.lu\/wp-content\/uploads\/2023\/04\/Satis-TV-logo.png",500,500,false]},"uagb_author_info":{"display_name":"charline","author_link":"https:\/\/www.bce.lu\/fr\/author\/"},"uagb_comment_info":0,"uagb_excerpt":"\u00c0 propos Fond\u00e9e en 2014, G\u00e9n\u00e9ration Num\u00e9rique est une [&hellip;]","_links":{"self":[{"href":"https:\/\/www.bce.lu\/fr\/wp-json\/wp\/v2\/references\/6714","targetHints":{"allow":["GET"]}}],"collection":[{"href":"https:\/\/www.bce.lu\/fr\/wp-json\/wp\/v2\/references"}],"about":[{"href":"https:\/\/www.bce.lu\/fr\/wp-json\/wp\/v2\/types\/references"}],"wp:featuredmedia":[{"embeddable":true,"href":"https:\/\/www.bce.lu\/fr\/wp-json\/wp\/v2\/media\/3993"}],"wp:attachment":[{"href":"https:\/\/www.bce.lu\/fr\/wp-json\/wp\/v2\/media?parent=6714"}],"wp:term":[{"taxonomy":"cat_references","embeddable":true,"href":"https:\/\/www.bce.lu\/fr\/wp-json\/wp\/v2\/cat_references?post=6714"}],"curies":[{"name":"wp","href":"https:\/\/api.w.org\/{rel}","templated":true}]}}

<h3 class="wp-block-heading">À propos</h3>



<p>Fondée en 2014, Génération Numérique est une agence 360 qui propose des informations aux professionnels de l&rsquo;industrie du cinéma, de la télévision et des nouveaux médias. La société édite trois magazines : Mediakwest, Moovee et Sonovision.</p>



<p>Elle organise également le 360 Film Festival, un festival international dédié à la création de contenus immersifs (VR/AR/Grands Formats). Génération Numérique est née de la passion de ses fondateurs pour la création et l&rsquo;innovation, ainsi que du désir de partager avec le plus grand nombre les avancées d&rsquo;un écosystème audiovisuel en constante évolution.</p>



<p>Le SATIS, le principal événement français dédié aux technologies audiovisuelles, devient SATIS TV pour son édition 2020 et propose ainsi la première chaîne événementielle francophone dédiée au secteur.</p>



<p>SATIS TV offre un événement éditorialisé dédié à la chaîne de valeur audiovisuelle (diffusion, cinéma et entreprise) avec plus d&rsquo;une trentaine de plateaux d&rsquo;experts. Ce salon en ligne est organisé par Génération Numérique.</p>



<p>SATIS TV est organisé avec le soutien de la Seine-Saint-Denis, Plaine Commune, du CNC et du Pôle Media Grand Paris.</p>



<div style="height:30px" aria-hidden="true" class="wp-block-spacer"></div>



<h3 class="wp-block-heading">Avec BCE</h3>



<p><strong>Production :</strong></p>



<ul class="wp-block-list">
<li>Production avec des moyens en 4K.</li>



<li>Deux équipes techniques et artistiques composées de réalisateurs, techniciens, ingénieurs et cameramen.</li>



<li>Cinq jours de diffusion en direct.</li>
</ul>



<p><strong>Streaming :</strong></p>



<ul class="wp-block-list">
<li>Intégration du réseau de diffusion de contenu (Content Delivery Network).</li>



<li>Diffusion en haute définition et disponibilité multiformat.</li>



<li>Intégration OTT : direct, vidéo à la demande (VOD),replay et réseaux sociaux.</li>



<li>Connexion avec les intervenants à distance, intégration de sous-titres, multiples canaux audio et géolocalisation.</li>



<li>Sélection des angles de vue.</li>
</ul>

À propos Fondée en 2014, Génération Numérique est une [&hellip;]
